 be 3*-10 + -2 + 3. Let q = r - -59. What is the units digit of q?
0
Let x be 4/(-18) - (-10)/45. Suppose -m = x, h + 4*m - 4 = 6. What is the units digit of h?
0
Suppose -751 + 153 = -3*s - 4*f, 4*s - f = 810. What is the units digit of s?
2
Suppose -i - 4*i = -1100. Let n = 132 - i. What is the units digit of 16/n + 334/22?
5
Let j(d) = -d**3 + 5*d**2 + 6*d + 4. Let s be j(6). Suppose 3*h + 4*r - 6 = 0, -2*h - 4 = -s*h + 3*r. What is the units digit of 5*(0 + 2/h)?
5
Suppose -28 + 82 = 2*a. What is the units digit of a?
7
Suppose 2*j - 18 = -j. Suppose 0 = -j*w + 2*w + 28. What is the units digit of w?
7
Let r(w) = 2*w + 3*w**2 + 18*w**2 - 3*w. Let i be r(-1). Suppose g = 3*g - i. What is the units digit of g?
1
Suppose 120 = b + 3*b. What is the units digit of b?
0
Suppose -o + 195 = r, 4*o = -r - 0*o + 186. What is the units digit of r?
8
What is the units digit of (69*-1)/(-1) - -4?
3
Let a be -1 + 4 - 47/(-1). Suppose 5*p = -4*j + 40, 2*j - 5*p - a = -3*j. What is the units digit of j?
0
Let k = 0 - 0. Suppose -2*w - 6 + 0 = -2*q, k = 2*w - q + 2. What is the units digit of w?
1
Suppose 2*z - 5 = 3*z - 4*l, -2*z + 14 = 4*l. Suppose 0 = -2*t - 3*p + 5, z = -0*p + 3*p. What is the units digit of t?
1
Let k = 66 + 128. What is the units digit of k?
4
Let a be 1/4 - 133/(-28). Suppose 3*s - 40 = -4*m, -a*m = -s - m - 8. What is the units digit of s?
8
What is the units digit of 20/(-15) - (-332)/6?
4
Let p(x) = x - 2. Let o be p(4). Suppose 5*i - 3 = o. What is the units digit of i?
1
Suppose -m = -0*m - 22. What is the tens digit of m?
2
Let l be 24/(-3)*33/(-12). Let z = l + 10. Suppose 4*u - x - z = x, 0 = -2*x + 4. What is the units digit of u?
9
Let q be (9/3)/3*-7. Let m = q + 19. What is the tens digit of m?
1
Let c = -3 + 4. Let h(t) = t**2 + 4*t + 1. Let x be h(-5). Let y = x + c. What is the units digit of y?
7
Suppose -3*u = -8*u + 345. What is the units digit of u?
9
What is the units digit of 10*5 + (-54)/(-18)?
3
Suppose -m - 133 = -3*c, 3*c - 4*m - 45 - 91 = 0. What is the units digit of c?
4
Suppose 4*s - 396 = s. Suppose -g + s = 2*g. What is the tens digit of g?
4
Let o be 2/4*10 - 1. Suppose 0 + 8 = z + 2*y, 2*y = o. What is the units digit of z?
4
Suppose 5 = 2*n - 5. What is the units digit of n?
5
Suppose -53 = -k + x, -11*k + 6*k - 2*x + 300 = 0. What is the tens digit of k?
5
Let s(c) = -c - 16. Let u be s(-10). What is the units digit of u/(-3)*(0 - -4)?
8
Let d = 0 - 6. What is the units digit of 3/(-2) - 39/d?
5
Let r be ((-15)/(-4))/(9/(-24)). Let q be (-104)/r - (-6)/10. Suppose 2*w = q + 3. What is the units digit of w?
7
Suppose -73 = -7*n + 116. Let i = n - 20. What is the units digit of i?
7
Suppose 2*b = -3*o - 12, -5*o - 2 = -2*b + 2. Let w = b - -2. Let k = 1 - w. What is the units digit of k?
2
Let r(g) = -10*g**2 - 2*g + 1. Let d(o) = 5*o**2 + o. Let u(y) = -9*d(y) - 4*r(y). Let m(s) be the first derivative of u(s). What is the units digit of m(-2)?
9
Let t = 3 + -3. Suppose 2*f = 4*c - 2, 0 = c + 4*c - 5*f - 5. Suppose t = -v + 1 - c. What is the units digit of v?
1
Let h = 10 - 7. Suppose h*x = -6 - 24. Let w = 23 + x. What is the tens digit of w?
1
Let c(i) = -i**2 + i + 3. Let q be c(0). What is the units digit of 14 - (-2)/(q + -2)?
6
Suppose 4*k + 10 - 26 = 0. Suppose 7 - 19 = -k*g. Suppose -j = -4*f - 0*f - 1, j - 1 = -g*f. What is the units digit of j?
1
Let n(q) = 6*q - 7. Let j = -12 + 20. What is the tens digit of n(j)?
4
Suppose 8 = -m - 4*d, 0*d = -5*m - 4*d - 8. Suppose m = -2*p + p. Suppose -o - 1 = p, 0*w - w = o - 3. What is the units digit of w?
4
Let m(x) = x + 4. What is the units digit of m(-2)?
2
Suppose 0 = 12*z - 649 - 395. What is the units digit of z?
7
Let h = -1 - -2. Suppose -4*c + 13 = h. Suppose c*n - 38 = -5*t, 12 = 2*t + n + n. What is the tens digit of t?
1
Let l(b) = 5*b**3 + 3*b**2 - 1. Let r be l(2). Suppose 0 = -5*w - 2*p + r - 15, 3*w - 2*p - 28 = 0. What is the units digit of w?
8
Suppose 3*y - s - 169 = 0, 4*y - 126 - 94 = -4*s. Suppose 2*g + 5*h - 12 = y, -27 = -g + h. What is the units digit of g?
9
Let r(t) be the second derivative of t**4/6 - 5*t**3/6 + 3*t**2 + 4*t. What is the units digit of r(3)?
9
What is the units digit of (9 - 8)/(1/13)?
3
Let w(y) = -9*y**3 - 4*y**2 - 3*y - 4. Let i(h) = -h**3 - h**2 - h - 1. Let l(s) = -5*i(s) + w(s). Suppose 3*m = 6*m + 3. What is the units digit of l(m)?
4
Let z(q) be the first derivative of 23*q**4/4 + q**3/3 - q**2 + q - 2. What is the tens digit of z(1)?
2
What is the tens digit of 1/(-2) + (-297)/(-22)?
1
Suppose 44 = -3*q + 5*a, 3*q = -a - 0 - 20. Let i = -2 - q. What is the units digit of i?
6
Suppose -81 = -4*b + 55. What is the tens digit of b?
3
Let t(u) = -4 - 6*u**2 + u**3 + 2 - 7*u + 0*u. Let n be t(7). Let w(g) = -2*g**3 - 4*g**2 - 2*g + 1. What is the units digit of w(n)?
5
Let u = -5 + 7. What is the tens digit of (0 + u)*19/2?
1
Let h(a) be the first derivative of a**3/3 - 5*a**2 + 9*a - 3. Let m be h(9). Suppose -v + 1 = -m. What is the units digit of v?
1
Suppose -4*b - 3 = -23. Let o(z) = z - 6. Let i be o(8). Suppose i*w + 20 = 5*t, 0*w = b*t - w - 25. What is the units digit of t?
6
Let f(s) = 234*s - 3. What is the hundreds digit of f(1)?
2
Suppose 4*f - 18 = -2*v, 0 = 3*f - 0*f + 5*v - 24. Suppose 0 = -f*j - 3*g - 0*g, 5*j = -g + 4. What is the units digit of j?
1
Suppose 1 + 84 = 5*t. Suppose -5*x + t = -73. What is the units digit of x?
8
Let r(a) = a**2 + 11*a - 9. Let h be (204/9)/((-4)/(-30)). Let s be h/(-15) - 2/3. What is the units digit of r(s)?
3
Suppose 1 = -x - d - 1, 0 = 3*x - d - 10. Suppose 0 = 2*z - 6 - x. What is the units digit of z?
4
Suppose 2*n = 3*n - 3. What is the units digit of n/9 + 8/3?
3
Let z be (-160)/15 - 2/(-3). Let v = 14 - z. Suppose -3*x - x = -v. What is the units digit of x?
6
Let y(f) = 12*f**2 - 2*f. What is the units digit of y(2)?
4
Suppose 2*v - 250 = -3*v - 5*i, -5*v = -i - 262. Suppose v = 4*y + 2*k - 158, -45 = -y + k. What is the units digit of y?
0
Let l be (1 + 0)/(-3 + 2). Let j = 6 + l. Let b = j + 4. What is the units digit of b?
9
Suppose 0 = 5*i + 4*v - 460, i - 7*v - 121 = -2*v. Suppose -2*o - 16 = -i. What is the tens digit of o?
4
Suppose 0 = 3*u - 0*u - 15. Let l(d) = d**2 - 4*d + 3. What is the units digit of l(u)?
8
Let h = 16 - 9. Let k(w) = w**3 - 8*w**2 + 9*w. What is the units digit of k(h)?
4
Let l be (4 + -6)/(2/59). Let b = l - -101. What is the tens digit of b?
4
Let x be 4/10 + (-103)/(-5). Let y = -108 - -110. Suppose -y*t + j = -18 - x, 0 = -t - 5*j + 25. What is the units digit of t?
0
Let n(j) = 22*j - 1. What is the tens digit of n(1)?
2
Suppose x + 27 = 3*d + 2*d, 0 = 5*x + 10. Suppose 0 = q - d*b - 18 - 15, 0 = -3*q - 5*b + 199. Suppose 4*y = 2 + q. What is the tens digit of y?
1
Suppose -2*r = f + f - 10, -r - 3*f + 9 = 0. Let y(n) = -n**3 + 3*n**2 + 4*n. What is the units digit of y(r)?
2
Suppose 2*d + 2*d - 8 = 0. What is the units digit of (-6)/(d + (-1 - 2))?
6
What is the units digit of (2 - 3) + 1 - -4?
4
Suppose -4*q = -16 + 4. Let c(u) = -5*u - 2*u - 2 + q*u. What is the tens digit of c(-3)?
1
What is the units digit of -1 + 257 - (16 - 15)?
5
Suppose 0 = z + 4*n - 6, -n = -7*z + 2*z + 9. Suppose z*u - 8 = 4. Let k(w) = w - 2. What is the units digit of k(u)?
4
Let c = 280 - 119. What is the units digit of c?
1
Suppose -d - 5472 = -17*d. What is the hundreds digit of d?
3
Suppose -10*o + 7*o + 228 = 0. What is the units digit of o?
6
Let k(y) = -7*y**3 - 2*y**2 + 1. Let u be k(-2). Let j = 83 - u. Suppose 4*a = 3*a + 4*r - 4, 5*a - 2*r = j. What is the units digit of a?
8
Let a = 3 + 0. Let c = -2 - -5. Suppose -c*r = a*x - 33, x + 35 = 6*x - 5*r. What is the units digit of x?
9
Let y(b) = -11*b**3 + 3*b**2 + 6*b + 6. What is the units digit of y(-2)?
4
What is the units digit of (0 - -12)*(-2)/(-3)?
8
Let y(j) = -j**3 - 5*j**2 + 7*j + 8. Let f be y(-6). Suppose -4*l + 4 - 24 = 0, -s + f*l = -26. Suppose 14 = 5*p - s. What is the units digit of p?
6
Let f(o) = o - 5 - 1 - 2 - 1. Let t be f(7). What is the tens digit of t/8 + (-57)/(-4)?
1
Suppose 4*n = -5*o + 50 + 6, -2*o = 3*n - 49. Suppose v - 28 = n. What is the units digit of v?
7
Suppose 15*k - 2230 - 230 = 0. What is the units digit of k?
4
Let m(x) =